-15*p + 19. Suppose -15 = -5*l - 4*w, -439 = 2*l + 5*w - 445. Calculate u(l).
-26
Suppose -30*v - 45 = -35*v + 4*r, 2*v - 18 = -3*r. Let c(f) = f**3 - 8*f**2 - 8*f - 22. What is c(v)?
-13
Suppose 35*x - 29*x + 42 = 0. Let y be (x - 19/(-3))/(2/(-12)). Let u(l) = -2 + 4 + l - 5. Give u(y).
1
Let b be 5*(-26)/65 - -17. Let g(a) be the third derivative of 0*a + 0 + 0*a**4 + 0*a**3 + 7/60*a**5 + b*a**2. Determine g(1).
7
Let n(p) = -p**3 + 6*p**2 - 7*p - 2. Let w be n(4). Let u(z) = 13*z**2 - 8*z + 2*z - 14*z**w. Suppose 2*c - 4*c - 2 = 2*a, 5*c - 3*a + 45 = 0. Calculate u(c).
0
Let s = -293 - -295. Let f(a) = 8*a - 3*a + a**s + 12 - 4*a + 8*a. Give f(-8).
4
Let v = -1 + -2. Let s(p) be the third derivative of -1/15*p**5 + 0*p**3 + 1/8*p**4 + 0*p - 2 - 1/120*p**6 + 9*p**2. Determine s(v).
-18
Let z(t) = 40*t**2 + 83. Let h(y) = 17*y**2 - y + 40. Let k(i) = 7*h(i) - 3*z(i). Give k(3).
1
Let j(d) = -d**3 - 24*d**2 - 20*d + 68. Let h be (-1)/(19/(4807/11)). Calculate j(h).
-1
Let b(t) = -109*t + 3 - 109*t + t**2 + 309*t - 95*t. Give b(2).
-1
Let c(h) = h**3 - 2*h**2 - 9*h + 7. Let i be c(4). Let a(g) = -7 - 20*g**3 - i*g + 21*g**3 + 9. Let r(x) = x**3 - 5*x**2 - x + 7. Let t be r(5). Determine a(t).
4
Let o = 1174 - 1176. Let s(a) = -25*a - 2. Calculate s(o).
48
Suppose -4 = c - 0. Let z(u) = -6*u - 4. Let f(q) = -q. Let w = 67 + -62. Let n(d) = w*f(d) - z(d). Determine n(c).
0
Let u(p) = -270 + 3891*p**3 - 7779*p**3 - 7*p**2 + 3886*p**3 + 7*p + 46*p**2 + 37*p**2. Calculate u(38).
-4
Let i(u) = 7*u**2 - 21*u + 15. Let k(t) = -10*t**2 + 32*t - 22. Let z(x) = -7*i(x) - 5*k(x). Suppose 0 = -47*q + 44*q + 36. What is z(q)?
-7
Let i(g) = g**2 - 8*g + 4. Let n be (-45)/(-195) + (-248)/(-52). What is i(n)?
-11
Suppose 2*s = 2*n, 0 = s - 2*s - 4*n. Let o(u) be the first derivative of u**4/4 - u**3/3 + u**2/2 - u + 1477. Give o(s).
-1
Let g(t) = 330552*t + 330547*t - 71 - 661102*t. What is g(-29)?
16
Let x(t) = 7*t**2 - 14*t**2 - 21 + 17*t**2 - 9*t**2 + 4*t + 0*t**2. What is x(4)?
11
Suppose 242*l - 3 = 241*l - 3*y, 15 = 5*l + y. Let i(f) be the second derivative of 7/2*f**2 - 1/3*f**l + 0 - 3*f. What is i(6)?
-5
Let g(d) = -11*d**3 - 42 + 10*d**2 + 2*d**3 + 3 + 5*d**3 + 6*d + 5*d**3. Give g(-9).
-12
Let m be 20/(-36) + (-847)/(-99). Let k(d) = 19*d - 150. Determine k(m).
2
Suppose -4*h - 24 = 4*h. Let c be (h - (-4 + 3)) + 7. Suppose c*a - 7 - 8 = 0. Let x(i) = 4*i - 1. Give x(a).
11
Let a(t) = 9*t - 393. Let v(c) = 2*c - 119. Let n(r) = -3*a(r) + 11*v(r). Give n(-26).
0
Let b(n) be the second derivative of 4*n + 1/12*n**4 + 8*n**2 - 1/6*n**3 + 0. Let v(x) = -5*x + 5. Let s be v(1). Calculate b(s).
16
Let d(f) be the first derivative of f**6/360 - f**5/30 - f**4/24 + 245*f**3/3 - 90. Let i(x) be the third derivative of d(x). What is i(2)?
-5
Let b(f) = 2*f**2 - 170*f + 1362. Let k be b(76). Let y(q) = -22*q - 121. What is y(k)?
11
Let n(j) = 2*j**2 - 11*j - 46. Let l(r) = -r**3 + 23*r**2 - 47*r - 252. Let u be l(20). Calculate n(u).
-6
Let l be 12/(1170/(-200) + 6). Let t(g) = g + 2 + l*g**2 + 81*g**2 + 6 - 5*g + g**3 - 155*g**2. Let b(p) = p - 4. Let w be b(-3). Calculate t(w).
-13
Let w(i) = 56*i**3 - 5252*i**2 + 3 + 5253*i**2 + 5*i - 57*i**3. Give w(-2).
5
Let u(k) be the third derivative of -3*k**2 - 10 + 1/12*k**4 - 1/6*k**3 + 0*k. Give u(6).
11
Let n(k) = -59*k**2 - 8*k - 57*k**2 + 115*k**2 - 18. Let g be n(-4). Let c(m) = m**3 + 3*m**2 + 3*m + 1. Calculate c(g).
-1
Let r(k) = k**2 + 7*k + 4. Suppose 87 - 79 = 2*n. Suppose 5*d - 68 = 2*v + d, n*d + 102 = -3*v. Let t = v - -27. Give r(t).
4
Let z(b) = 6*b**2 - 51*b - 33. Let a(w) = 6*w**2 - 51*w - 37. Let l(u) = 5*a(u) - 6*z(u). What is l(9)?
-14
Let m be 22/(((-1)/(-2))/((-1)/1)). Let z = m - -53. Let l(f) = -f**2 + 11*f + 4. Determine l(z).
22
Suppose 0 = u - 5*u - 12. Let m(o) be the third derivative of o**5/60 - o**3/2 - 395*o**2 - o. Calculate m(u).
6
Let c(z) = z + 3. Let s be c(0). Let q(y) = s + 16*y - 3 - 2 - 6*y. Let l = 109 + -107. What is q(l)?
18
Let s(u) = -u**3 - 3 - 14*u**2 + 0 - 925*u + 1798*u - 899*u. What is s(-12)?
21
Let k(g) = -2*g - 14. Let y be k(-8). Suppose -y*f = -25 + 11. Let z(i) be the first derivative of i**2 - 4*i - 543. What is z(f)?
10
Let a(x) be the third derivative of 0 + 0*x + 1/60*x**5 + 1/6*x**3 + 54*x**2 + 1/12*x**4 + 1/20*x**6. Suppose 5*m - 1 = 2*r, 0 = 4*r + r + 15. Calculate a(m).
-6
Let d = -11634 + 11629. Let b(u) = -48*u - 233. What is b(d)?
7
Let d(u) = -2*u**2 + 3*u + 4. Let f = 423 + -416. Let x be ((-10)/f + 2)*7. Calculate d(x).
-16
Let c(b) = -8*b + 24. Suppose 74*h - 45*h - 261 = 0. Give c(h).
-48
Let l(r) = -5*r**3 - 13*r**2 + 4*r - 12. Let j(i) = -7*i**3 - 16*i**2 + 4*i - 14. Let q(g) = 3*j(g) - 4*l(g). What is q(2)?
6
Let a(p) = p**3 - p**2 + 5*p - 2. Let k(h) = h**3 + 5*h - 1. Let x(l) = -6*a(l) + 7*k(l). Suppose -48 = m + 43. Let w be 26/m - (-66)/(-14). Give x(w).
5
Let l(v) = 54*v - 218. Let w = -17009 - -17013. What is l(w)?
-2
Let k(d) = 800 - 814 - 4*d + 3*d. Determine k(-17).
3
Let p(o) = -2*o**3 + 5*o**2 - 4*o - 5. Let v = -22669 - -22672. Give p(v).
-26
Suppose -27*t = -18*t - 27. Let y(g) = 2*g**2 + 26 - 49 - 2*g**2 + 4*g - 5*g**2 + 19. Calculate y(t).
-37
Let l(y) be the first derivative of y**3/3 + 11*y**2/2 - 5*y + 788. Determine l(-10).
-15
Let v(n) = -n**2 - n - 2. Let f = 33 + -29. Let x(r) = 4*r - 13. Let j be x(f). Suppose -4*h - 6 = -t - 2, -12 = -4*h - j*t. Determine v(h).
-2
Let b(m) be the second derivative of 2 - 11*m + 1/6*m**3 - 6*m**2. Determine b(6).
-6
Let o(w) = -w**2 - 7*w - 1. Suppose p = -2*g - 2*g + 12, p - 4 = -2*g. Suppose -43 + 52 = -b + 2*x, -g*b = -2*x + 18. Give o(b).
11
Let r be 17/((-444 + 443)/(-1*(-2 + 1))). Let k(h) = -5*h - 20. Determine k(r).
65
Let j(x) = 3*x**2 - 5*x - 1. Suppose -31*c + 95 = -12*c. Let w(p) = -6*p**2 + 11*p + 2. Let m(s) = c*j(s) + 2*w(s). What is m(3)?
17
Let g be 3/2 - 18/(-36). Suppose -38 = -5*b - 2*u, 22 = b + 4*b - g*u. Let m(r) = r**3 - 6*r**2 + 3*r - 6. Calculate m(b).
12
Let y(q) = -q**3 - q**2 + 10. Let b(t) = t**3 - t**2 + 3*t - 1. Let c be b(6). Let v = 197 - c. Calculate y(v).
10
Let x = 290709 + -290702. Let g(k) = 0*k - 4*k**2 + 4 + 5*k**2 - 7*k. Calculate g(x).
4
Let s(i) = 3. Let w(a) = 4*a. Let p(g) = g**2 - 29*g - 171. Let d be p(34). Let v(u) = d*w(u) - 4*s(u). Calculate v(-8).
20
Suppose 5*f - 603 - 4437 = 0. Let y(c) = 504*c + 505*c - f*c - 3. Determine y(0).
-3
Let g be ((-4)/(-10))/((-8)/96 + 583/660). Let c(w) be the first derivative of -11*w - g*w**2 - 18. What is c(-9)?
-2
Let a be (4/(-14))/((384/(-1568))/(-12)). Let d(b) = -b**3 - 12*b**2 + 32*b + 45. Give d(a).
-11
Let l(t) = -t**3 - 23*t**2 + 25*t + 30. Let g be l(-24). Let z(a) = a**3 - 6*a**2 - 3*a - 13. Give z(g).
-31
Let o(f) = -2*f - 1 - 2*f - f**2 - f. Suppose -3*c = -52*c + 32683. Let m = -670 + c. Determine o(m).
5
Let k(v) = 29*v**3 - 22*v + 7. Let y(b) = -13*b**3 + 9*b - 3. Let a(n) = -2*k(n) - 5*y(n). Suppose m + 2 = 3*m. What is a(m)?
7
Let v(p) be the third derivative of p**5/30 + p**4/6 + p**3/2 - 3*p**2. Let m be v(-2). Let a(w) be the first derivative of w**2/2 - 3*w - 564. Give a(m).
0
Let s(d) = -d**2 + 31*d + 132. Let f be s(34). Let x(k) = -2*k**2 + 59*k + 25. Determine x(f).
-5
Suppose j - 12 = -2*x - 2, 2*j + 3*x = 17. Let u(d) = -4 + 2 + 4853*d - 3 - 4845*d. Let t(z) = -9*z + 5. Let a(k) = j*t(k) + 5*u(k). Give a(5).
15
Let o(k) = -k + 7. Let l be (-45)/(-12)*2*(-5 + 7). Suppose -15 = 6*x - l. Give o(x).
7
Suppose -4*y - 3*i - 224 = -177, 4*i = -4*y - 52. Let n(r) = 3*r**2 - 11*r + 14. Let w(m) = 2*m**2 - 10*m + 13. Let d(x) = 3*n(x) - 4*w(x). Calculate d(y).
-2
Let l = 362 + 2603. Let g(a) = 2965*a + 16 + a**3 - l*a. Give g(0).
16
Let p(g) = -6*g + 6. Let t(a) = 7*a - 7. Let v(k) = 6*p(k) + 5*t(k). Suppose 2*w + 3*w - 24 = 3*o, 0 = 4*w + 3*o - 3. Calculate v(w).
-2
Let k(x) = x**3 + 2*x**2 + 1. Let p(o) = 2*o**3 + 17*o**2 + 11*o - 29. Let b(h) = -k(h) + p(h). What is b(-14)?
12
Let r(x) = 0*x**3 - x**3 - 5 + 22474900*x**2 - 22474893*x**2 + 4*x. Let s = 17 + -9. Determine r(s).
-37
Let j(q) = 2*q**3 - 24*q**2 - q + 18. Let m be 390/36 - ((-21)/18 + 0). Calculate j(m).
6
Let g = 1019 + -1007. Let r(b) = -5*b - 10 + 4*b + g*b - 9*b. Calculate r(10).
10
Let x(u) be the third 